f t?
5
Suppose 0 = -27*l + 23*l + 16268. What is the thousands digit of l?
4
Let z(c) = -25*c + 49. Let v(u) = 38*u - 74. Let o(p) = -5*v(p) - 8*z(p). Let s(g) = -g**3 + 3*g**2 + 4*g - 5. Let a be s(3). What is the tens digit of o(a)?
4
Let b(r) = r**2 - r + 7. Let o be b(5). Suppose 5*c + 28 = -o. What is the tens digit of c/(2/(-6) - 0/(-9))?
3
Suppose -182*d = -179*d - 6. What is the tens digit of (-44 - -40) + 766*1/d?
7
Suppose 18 = 2*v - 4. Let u be (-2)/v + 7 + (-120)/66. Suppose 0 = 3*r - u*r - g + 249, -3*r + 406 = -5*g. What is the tens digit of r?
2
Suppose -199 = 15*p - 244. Suppose 0 = 2*j + 68*o - 65*o - 60, p*o = j - 30. What is the tens digit of j?
3
Let y = -50 + 50. Suppose y*z = 2*z + 6, 0 = -2*q - 5*z + 989. Suppose -9*p + q = -362. What is the tens digit of p?
9
Suppose 3*x + 3*h = 2946, 6*h - 10*h = 5*x - 4904. What is the hundreds digit of x?
9
Let k = -61 + 69. Suppose -18 = 5*q - k*q. Suppose 0*g - q*g + 498 = 0. What is the tens digit of g?
8
Let x(i) = -6*i + 12 - i**2 - i**2 + 2. Let y be x(6). What is the tens digit of y*((1 - 5) + 3)?
9
Let u = -39484 - -84495. What is the units digit of u?
1
Suppose 5 + 47 = 4*d. Let q(l) = 571*l**2 + 6 + 579*l**2 - 9*l + 1 + 576*l**2 - 1725*l**2. What is the tens digit of q(d)?
5
Suppose 0 = -11*z - 2*z - 3*z + 184592. What is the thousands digit of z?
1
Let z(a) = 2*a**2 + 4*a - 604. Let l be z(0). Let w = -350 - l. What is the tens digit of w?
5
Let s(n) be the third derivative of -1/120*n**6 - 17/60*n**5 - 3/2*n**4 - 5/3*n**3 - 7*n**2 + 0*n + 0. What is the units digit of s(-15)?
0
Let v(w) = 14*w**2 - w + 3. Let i be v(-2). Suppose -59*q = -i*q + 1020. What is the hundreds digit of q?
5
Suppose -4*a - 12 = -4*u, 2*u + 0 = -3*a + 1. Let f(g) = -1260*g + 4. What is the hundreds digit of f(a)?
2
Let n(t) = -2*t - 15. Let h be n(-9). What is the hundreds digit of 4653/5 - h - (-10)/25?
9
What is the units digit of (25614743/(-88))/(-29) - 2/16?
7
Suppose 13*g + g = 0. Let q = g - -17. Suppose 383 = q*k - 756. What is the units digit of k?
7
Suppose 4*l - 300 - 36 = 0. Let m = l + -86. What is the tens digit of (1 - 2 - m) + 93?
9
Let v(o) = -3*o - 12. Let q be v(-5). Suppose -q*y = -m - 60 + 3, -4*m = -2*y + 248. Let h = m - -129. What is the tens digit of h?
6
Suppose 0*r + 2*r - 18 = 0. Let w(g) = -4*g**2 + 148*g. Let v be w(37). Suppose -13*m + r*m + 140 = v. What is the tens digit of m?
3
Let q be 751/(6/4*(-32)/(-48)). Let m = q - 420. What is the tens digit of m?
3
Let m be 47/9 - (102/(-27) + 4). Suppose -3*c + m*v = 0, 0*c - 2*c = -3*v - 1. Suppose -c*r - g = 4*g - 325, 230 = 3*r - 4*g. What is the tens digit of r?
7
Let l(n) = 6 - n**2 + 6*n**3 + 3*n**3 - 8*n**3 + 5*n**2 - 12*n. Let o be l(-6). What is the units digit of (12/(-14))/(o + (-435)/70)?
4
Let z = -96 + 105. Let i = 1908 + -464. Suppose -z*t - 436 = -i. What is the hundreds digit of t?
1
Let m(s) = 16*s**2 - 147*s + 837. What is the hundreds digit of m(6)?
5
Let c(f) = f**3 + 66*f**2 + 32*f + 457. What is the tens digit of c(30)?
1
Suppose -i - 96198 = -4*n - 22560, 2*n + 3*i = 36840. What is the hundreds digit of n?
4
Suppose -8*r + 7*r + 13491 + 1657 = 0. What is the hundreds digit of r?
1
Let i(v) = -2*v**2 + 21*v + 15. Let c be i(11). Suppose -4*s + 2*q + 1112 = -1592, 0 = -c*s - 5*q + 2718. What is the units digit of s?
7
Suppose 3*x + 1035 = 48*x. Suppose -20*i + x*i = 2706. What is the hundreds digit of i?
9
Suppose 218*b - 221*b + 118705 = -4*n, 3*n = 6. What is the ten thousands digit of b?
3
Suppose -d = -1122 - 7939. What is the tens digit of d?
6
Suppose 38*s - 54733 = 144273. What is the thousands digit of s?
5
Let f be (5/(-6))/((-35)/42 + 1). What is the tens digit of 230 + (-4 - (-10)/f)?
2
Suppose -p = -2*o + 48635, -3*o + 4*o = -2*p + 24330. Suppose 26*w + o = 42*w. What is the thousands digit of w?
1
Suppose -2*w + 3*w - 3 = 0. Let j(t) = 2*t**2 - 4*t - 4. Let b be j(w). Suppose 135 = -0*y + 2*y + 5*g, -b*y = -3*g - 95. What is the units digit of y?
5
Let q(k) = -k**3 + 6*k**2 - 2*k + 12. Let h be q(5). Let p = h - 18. What is the tens digit of (-12)/p + 316/12?
2
Suppose -2314 = -6*c + 848. Let r = 1068 - c. Let y = r + -369. What is the units digit of y?
2
Suppose -9*b + 7*b = 43610. What is the hundreds digit of b/(-42) - 2/12 - -5?
5
Let m be 24*((-3)/(-12) + 1). What is the units digit of (525/m)/(2/44)?
5
Let x be ((-6)/4)/(9/(-24)). Let n(i) = 2*i**3 - 7*i**2 - 2*i + 15. Let y be n(7). Suppose -x*d + y = u, -4*u = 4*d - 2*u - 344. What is the units digit of d?
6
Let o(n) = 59*n - 116. Let k be o(2). Suppose -2*t + 9 + 43 = 0. Suppose k*h - 90 = -t. What is the units digit of h?
2
Suppose -5*p + 95 = -j, -26 = 4*j + 3*p + 262. Let s = j + 309. Suppose 10*t = s + 1196. What is the tens digit of t?
4
Suppose -127432 = -25*p + 203368. What is the ten thousands digit of p?
1
Suppose 0 = 8*o + 4 - 28. Suppose 134 = -o*s + q, s - 3*q = -15 - 35. Let d = -34 - s. What is the tens digit of d?
1
Let k(b) = 11 + 5324*b - 9*b**3 - b**3 - 5323*b. What is the tens digit of k(-3)?
7
Suppose 4*j - 4*z - 81708 = 0, -6*j - 40882 = -8*j + 6*z. What is the tens digit of j?
2
Let j(t) = -487*t + 6032. What is the units digit of j(-116)?
4
Let q(r) = -435*r + 495. What is the ten thousands digit of q(-33)?
1
Suppose 2*n - w - 42689 - 37658 = 0, -2*w = -14. What is the units digit of n?
7
Suppose 25 = -2*v - y, -5*v + 3*v - 2*y = 24. Let x(m) = 2*m**2 + 7*m + 9. What is the units digit of x(v)?
6
Suppose -12*d - 12655 = -7*d. Let k = -1250 - d. What is the units digit of k?
1
Let d = -10 + 7. Suppose 3*g = 4*g + 3*r - 14, -5*g = r. What is the tens digit of (g + -6 + -3)*(2 + d)?
1
Suppose 77*x - 407931 = 438115 - 126712. What is the hundreds digit of x?
3
Suppose 5*x + 5*l - 1557 = 4*x, -2*l - 4688 = -3*x. Suppose x = 2*u - u. Suppose -9*b - 2*b = -u. What is the units digit of b?
2
Suppose i = -23*i - 7056. Let r = 1316 + i. What is the units digit of r?
2
Let j = 108789 + -41364. What is the hundreds digit of j?
4
Let m(o) = 2*o**2 + 12*o + 28. Suppose -59 - 43 = -6*c. Let x(b) = -2*b + 28. Let k be x(c). What is the units digit of m(k)?
8
Let h be -376*(6*(-2)/8 - -1). Let u = 458 - h. Suppose j + u = 4*l - 291, l - 5*j - 145 = 0. What is the units digit of l?
0
Suppose 4*q = 24, 5*d + 3*q - 7*q = 71386. What is the ten thousands digit of d?
1
Let y(o) = -152*o - 3064. What is the tens digit of y(-21)?
2
Let g = -737 - -1966. What is the units digit of (-1 - g)*(-9)/18?
5
Let a = -482 - -482. Suppose -118*t + 119*t - 1198 = a. What is the hundreds digit of t?
1
What is the tens digit of ((-16026)/(-12) - 5)*((4 - -2) + -2)?
2
Let a = -64 + 48. Let p = a + 21. Suppose 4*h - p = 7, 5*j - 448 = -h. What is the tens digit of j?
8
Let l be (-1)/((-6)/((-120)/(-4))). Suppose p + 3 = 0, l*p = -4*a - 1280 + 5097. What is the tens digit of a?
5
What is the tens digit of (-14)/(154/(-323521)) - (3 + -10)?
1
Suppose x = -4*r + 37, -34 + 14 = 5*r. Suppose 0*z = -z - 48. Let s = x + z. What is the units digit of s?
5
Suppose 0*w = 5*w. Suppose y + 3*l = w, -y - 5*l = 3*y. Suppose y = 6*c - 101 - 175. What is the tens digit of c?
4
Let p = 37481 + -8717. What is the hundreds digit of p?
7
Suppose -18 = -11*h + 10*h. Let i = h - 13. Suppose f - 5*f + 331 = -d, -422 = -i*f + 4*d. What is the units digit of f?
2
What is the thousands digit of -516*(22 - 4655/76)?
0
Let x = -5448 - -3176. Let f = x + 3362. What is the units digit of f?
0
Let i = 5268 + -1187. Suppose q - 8*q = -i. What is the tens digit of q?
8
Let s be -2*3771/(-42) + 9/21. Suppose 4*k + 78 = j - 0*k, -5*k = 4*j - 312. Let v = s - j. What is the tens digit of v?
0
Suppose 0 = -14*n + 22*n - 275680. Suppose -10290 = -50*c + n. What is the tens digit of c?
9
Let o(d) = -6222*d - 14195. What is the hundreds digit of o(-9)?
8
Let x = 34320 - 21700. What is the units digit of x?
0
Let m(t) = -8*t - 6. Let u be m(-14). Suppose 4*n = 7*n - 3*j + 315, 2*j = 3*n + 315. Let o = n + u. What is the units digit of o?
1
Suppose -23*w = -18*w + 275. Let c = 205 + w. What is the units digit of c?
0
Let q(m) = 9*m**3 - m**2 - 5*m. Let h(s) = s**3 - s. Let a(l) = -h(l) + q(l). Suppose 28*i + 24 = 80. What is the units digit of a(i)?
2
Let q be (-11 + 9 - -1)*-3. Su